ppose 0 = -6*n + y + 506. What are the prime factors of n?
2, 3, 19
Suppose -3845 = -7*q + 313. Suppose 2*z + q = 5*f, 0 = 3*f - 3*z - 312 - 39. What are the prime factors of f?
2, 3, 5
Let f be (-2)/20 - (-610)/100. What are the prime factors of 1*f + 6688/38?
2, 7, 13
Let u = -284 + 459. Let l = -159 + u. What are the prime factors of l?
2
Suppose 27*f - j - 46813 = 26*f, 93622 = 2*f - j. What are the prime factors of f?
3, 7, 743
Let v(k) = -6377*k + 587. List the prime factors of v(-2).
3, 4447
What are the prime factors of (-2 + (-19)/(133/(-46365)))/((-2)/(-14))?
46351
Suppose -6*x + 2*x = -5452. Suppose -i = -5*o + x, -807 = o - 4*o - 3*i. Suppose 7*j - o = 624. What are the prime factors of j?
2
Suppose 20*a = 59*a - 250887. List the prime factors of a.
7, 919
Suppose 71*k + 51*k - 535458 = 0. What are the prime factors of k?
3, 7, 11, 19
Suppose 5*f + 6*r - 55444 = 10*r, -2*r = -3*f + 33268. What are the prime factors of f?
2, 47, 59
Let j = -65 + 65. Suppose 4*c + 5*o + 351 = j, -70 = 3*c + 4*o + 192. List the prime factors of (-1 + c/(-8))/((-1)/(-12)).
3, 43
Suppose o + 18 = 7*o. Let t(y) = -13 + y + y**3 + 6*y**2 - o*y + 0*y - 2*y. List the prime factors of t(-6).
11
Suppose -89*u = -107*u + 76212. What are the prime factors of u?
2, 29, 73
Suppose 20 = 5*z, 3*z + 81948 = 4956*q - 4951*q. List the prime factors of q.
2, 3, 683
Suppose 3*j - 6*j = 3*g - 118668, -3*g + 118672 = 5*j. What are the prime factors of g?
2, 19777
Suppose 2*g + 22 = -14. Let p(o) = -8*o - 41. Let i be p(g). Suppose 47 + i = 5*k. What are the prime factors of k?
2, 3, 5
Let g(u) = 17460*u**2 + 18*u + 41. List the prime factors of g(2).
139, 503
Suppose -7168 = 23*d - 40*d + 13*d. What are the prime factors of d?
2, 7
Let h = -6 - -9. Let l(n) = 6*n**2 + 4. Let m be l(6). Suppose h*v = 4*a + 2*v - 220, 5*v = -4*a + m. What are the prime factors of a?
5, 11
Let z = -83 - -75. Let u(h) = 4*h**2 - 15*h - 75. What are the prime factors of u(z)?
7, 43
Suppose 0 = 10*t + 9 - 1679. Suppose s = 3*u + t, u + 835 = 4*s + s. What are the prime factors of s?
167
Let x(i) = -2*i**3 + 36*i**2 + 3*i - 50. Let c be x(18). Suppose -q = 2*b - 103, 53 = c*q + 5*b - 362. List the prime factors of q.
3, 5, 7
List the prime factors of (7 + 800/(-112))*-154931.
22133
Let k(n) = 10*n**2 - 6*n + 1. Let f be k(2). Suppose -25*b = -f*b + 372. List the prime factors of b.
3, 31
Let m be 6/(2 - 5) - 12/(-2). Suppose -5*l + 8017 = 4*q + 2741, -2*q = m*l - 4216. What are the prime factors of l?
2, 263
Let z be (-1)/3 - 2/(-6). Suppose 25*a - 22 = 103. Suppose z = a*g - 0*g - 65. List the prime factors of g.
13
What are the prime factors of 153180/36 + (-5)/(-2)*-2?
2, 5, 17
Let p be (-7)/(21/570) + 0. Let q = p - -817. What are the prime factors of q?
3, 11, 19
Let a be (9/12*6)/3*288. Let j = a - 5. What are the prime factors of j?
7, 61
Let y(x) = -7*x - 2. Let m(d) = -d**2 - 2*d - 6. Let t be m(-4). Let a be y(t). Suppose 0 = -7*g + 6*g + a. List the prime factors of g.
2, 3
Suppose 2*h + 50505 = 5*f, -5*h - 30322 = 46*f - 49*f. What are the prime factors of f?
10099
Suppose -29*m + 8173 + 875 = 0. Let s = 342 - m. What are the prime factors of s?
2, 3, 5
Suppose -21494 = -w + y, w - 12*w - y = -236530. List the prime factors of w.
2, 13, 827
Let o = 0 + -2. Suppose 0 = -7*k + 34*k + 1026. What are the prime factors of ((-22)/o)/((-2)/k)?
11, 19
Let z = 535 + -368. Let w = 197 + z. What are the prime factors of w?
2, 7, 13
Let l = 8 + -16. Let j(d) = d**2 - 16*d - 8. Let x be j(16). What are the prime factors of (-398)/x + (-2)/l?
2, 5
Suppose -91*v = 98*v - 40*v - 3130937. What are the prime factors of v?
21013
Suppose -2*q = 3*c - 9, -4*c - q + 6 = -6. Suppose -6 = -c*d - 102. Let k = 22 - d. What are the prime factors of k?
2, 3
Suppose 1109*x = 987*x + 3396236. List the prime factors of x.
2, 31, 449
Suppose 0 = 30*u - 22*u + 1528. Let z(p) = 8*p - 7. Let t be z(-13). Let k = t - u. What are the prime factors of k?
2, 5
Suppose d + 1097 + 988 = -2*r, 0 = -d - 5. Let p = 1466 + r. What are the prime factors of p?
2, 3, 71
Suppose -16*r + 12*r = 0. Let c be (1*(1 - -138) + r)/1. Let a = c - 35. List the prime factors of a.
2, 13
Suppose -r - 4*m = -19, 2*m - 1 = -2*r + 19. Suppose 3 - 45 = -r*l. Suppose -l*u + 2*u + 3*a = -265, 4*u = -a + 285. List the prime factors of u.
2, 5, 7
List the prime factors of (-2 + 746)/(-3)*(-247)/26.
2, 19, 31
Let l = -17482 + 31174. List the prime factors of l.
2, 3, 7, 163
Let w be (-92)/(-10) + (-2)/(-10)*-1. Suppose -f - 2*s + w = -6, -5*s + 5 = -4*f. Suppose 4*c - 816 = -5*z, 2*z + c = f*c + 332. List the prime factors of z.
2, 41
Let v(u) = 16149*u**2 - 262*u - 2. List the prime factors of v(1).
3, 5, 353
Suppose -27*g = 7*g + 68. List the prime factors of (-10)/g - (-11700)/26.
5, 7, 13
Let r = 38 + -21. Let v be 2 + (r/4)/((-2)/(-8)). Let y = 56 + v. What are the prime factors of y?
3, 5
Suppose -230*g + 225*g = 3*b - 15830, -4*b + 21101 = g. What are the prime factors of b?
5, 211
Suppose -62*g = -37*g + 100. Let v(d) = 4*d + 2*d**2 + 4 - 5*d + 2*d**2. What are the prime factors of v(g)?
2, 3
Suppose -3*u = -3 - 3. Suppose 2*p = -u*o, -4 = -4*o - 2*p - 0*p. Suppose 344 = o*m - 18. List the prime factors of m.
181
List the prime factors of (34046/12)/(19/(25 - -89)).
29, 587
List the prime factors of (-4918)/(-8) - (-198)/(-264).
2, 307
Let q(z) = -3*z**3 - 29*z**2 - 5*z - 19. Let y be q(-9). What are the prime factors of (-34)/y + 1323/4?
331
What are the prime factors of 10850440/200 - (1/(-5))/(-1)?
2, 3, 11, 137
Let l(m) = -435*m**3 - 39*m**2 - 4*m + 5. What are the prime factors of l(-3)?
11411
Let j = 552 + 27018. What are the prime factors of j?
2, 3, 5, 919
Suppose -2*w = -m - 0 + 6, 2*w + 2 = 0. Suppose m*b + b + 5*o = 295, 0 = 4*o + 16. What are the prime factors of b?
3, 7
Suppose -l - 98*c + 99*c + 13667 = 0, 2*l = 3*c + 27329. List the prime factors of l.
2, 1709
Suppose -3*l - 1266 = -6*r + r, -3*r + 5*l = -766. Suppose -2*f = 3*f + 550. Let g = r + f. What are the prime factors of g?
2, 71
Let r = 88928 - 48595. List the prime factors of r.
53, 761
Let h be (-1)/((((-20)/(-44))/(-5))/1). What are the prime factors of h/(-44) + 3435/12?
2, 11, 13
Let k(z) = 257*z**2 + 123*z - 643. What are the prime factors of k(5)?
6397
Suppose 1414465 = 245*v - 10*v. What are the prime factors of v?
13, 463
Let j = 14 - 21. Let h = -34 - j. List the prime factors of (h/(-6)*-2)/(6/(-56)).
2, 3, 7
Suppose -17 = -3*m + 7. Suppose a + m = -2*k, 5*a + 22 = 3*k - 7*k. List the prime factors of k + (-1 - (-144 - -4)).
2, 17
Suppose 5*o + 5*z + 90 = 0, -3*o - z + 19 - 63 = 0. Suppose 5*h + 17 = 302. Let k = h - o. What are the prime factors of k?
2, 5, 7
Let b(k) be the second derivative of 23*k**4/12 + k**3/6 + 13*k**2/2 - 4*k + 12. What are the prime factors of b(-9)?
1867
Suppose -31*p + 43 = -50. Let u be (-4)/6*(0 + -471). Suppose -p*a + u = -202. What are the prime factors of a?
2, 43
Suppose -5*r + 8 + 2 = 0, -2*t = -5*r - 14. Suppose 1320 = -t*j + 16*j. What are the prime factors of j?
2, 3, 5, 11
Let u be ((-1071)/(-42))/(-2*3/(-16)). Let t(b) = 2*b**2 - 10*b - 5. Let c be t(9). Suppose -u*d = -c*d - 23. List the prime factors of d.
23
Suppose -51*l + 49*l - 3*q = -6393, -35 = -5*q. What are the prime factors of l?
2, 3, 59
Suppose -334*p + 329*p = -10. Suppose -5*n = -4*d + 2018, -5*n + p = -8. List the prime factors of d.
3, 13
Let m(g) = g**3 + 11*g**2 + 11*g - 8. Let c(q) = -q**3 - 12*q**2 - 10*q + 7. Let d(i) = -3*c(i) - 4*m(i). List the prime factors of d(-7).
2, 3, 5
Suppose 0 = 2*n - 5*n - 5*o + 26493, -6*o + 18 = 0. What are the prime factors of n?
2, 3, 1471
Let k = -48 + 77. Let z = k + -25. Suppose -h = z*h - 220. List the prime factors of h.
2, 11
What are the prime factors of 16/(96/18) + (48000 - -1)?
2, 11, 1091
Let s be -18 - (-3 + (-1)/(-1)). Let x = s - -20. Suppose 5*i - 122 = -0*i + y, x*y - 12 = 0. What are the prime factors of i?
5
List the prime factors of (1329/(-3) + 0)/((-54)/1026).
19, 443
Let l = -15 + 13. Let v be 12/2 + l - 1*3. What are the prime factors of (1864/12)/((-6)/(-9)*v)?
233
Let d = 12241 - 12211. Suppose 2*i - 5*i = 6, 2*a - 3*i = 66. Let f = a + d. List the prime factors of f.
2, 3, 5
What are 